{"id":629,"date":"2022-12-21T15:40:04","date_gmt":"2022-12-21T15:40:04","guid":{"rendered":"https:\/\/padelwood.it\/?page_id=629"},"modified":"2023-04-08T21:52:16","modified_gmt":"2023-04-08T21:52:16","slug":"corsi","status":"publish","type":"page","link":"https:\/\/padelwood.it\/esp\/corsi\/","title":{"rendered":"Courses"},"content":{"rendered":"\t\t<div data-elementor-type=\"wp-page\" data-elementor-id=\"629\" class=\"elementor elementor-629\" data-elementor-settings=\"[]\">\n\t\t\t\t\t\t\t<div class=\"elementor-section-wrap\">\n\t\t\t\t\t\t\t<section class=\"elementor-section elementor-top-section elementor-element elementor-element-2b7839c elementor-section-full_width elementor-section-height-default elementor-section-height-default\" data-id=\"2b7839c\" data-element_type=\"section\" data-settings=\"{&quot;background_background&quot;:&quot;classic&quot;}\">\n\t\t\t\t\t\t\t<div class=\"elementor-background-overlay\"><\/div>\n\t\t\t\t\t\t\t<div class=\"elementor-container elementor-column-gap-default\">\n\t\t\t\t\t<div class=\"elementor-column elementor-col-100 elementor-top-column elementor-element elementor-element-5e585c1\" data-id=\"5e585c1\" data-element_type=\"column\">\n\t\t\t<div class=\"elementor-widget-wrap elementor-element-populated\">\n\t\t\t\t\t\t\t\t<section class=\"elementor-section elementor-inner-section elementor-element elementor-element-f7d81bb elementor-section-full_width elementor-section-height-default elementor-section-height-default\" data-id=\"f7d81bb\" data-element_type=\"section\">\n\t\t\t\t\t\t<div class=\"elementor-container elementor-column-gap-default\">\n\t\t\t\t\t<div class=\"elementor-column elementor-col-100 elementor-inner-column elementor-element elementor-element-02b36f0\" data-id=\"02b36f0\" data-element_type=\"column\">\n\t\t\t<div class=\"elementor-widget-wrap elementor-element-populated\">\n\t\t\t\t\t\t\t\t<div class=\"elementor-element elementor-element-64c1872 elementor-widget elementor-widget-heading\" data-id=\"64c1872\" data-element_type=\"widget\" data-widget_type=\"heading.default\">\n\t\t\t\t<div class=\"elementor-widget-container\">\n\t\t\t<style>\/*! elementor - v3.5.5 - 03-02-2022 *\/\n.elementor-heading-title{padding:0;margin:0;line-height:1}.elementor-widget-heading .elementor-heading-title[class*=elementor-size-]>a{color:inherit;font-size:inherit;line-height:inherit}.elementor-widget-heading .elementor-heading-title.elementor-size-small{font-size:15px}.elementor-widget-heading .elementor-heading-title.elementor-size-medium{font-size:19px}.elementor-widget-heading .elementor-heading-title.elementor-size-large{font-size:29px}.elementor-widget-heading .elementor-heading-title.elementor-size-xl{font-size:39px}.elementor-widget-heading .elementor-heading-title.elementor-size-xxl{font-size:59px}<\/style><h1 class=\"elementor-heading-title elementor-size-default\">Cursos PADEL WOOD<sup>\u00ae<\/sup> <\/h1>\t\t<\/div>\n\t\t\t\t<\/div>\n\t\t\t\t<div class=\"elementor-element elementor-element-8d89dfd elementor-widget elementor-widget-text-editor\" data-id=\"8d89dfd\" data-element_type=\"widget\" data-widget_type=\"text-editor.default\">\n\t\t\t\t<div class=\"elementor-widget-container\">\n\t\t\t<style>\/*! elementor - v3.5.5 - 03-02-2022 *\/\n.elementor-widget-text-editor.elementor-drop-cap-view-stacked .elementor-drop-cap{background-color:#818a91;color:#fff}.elementor-widget-text-editor.elementor-drop-cap-view-framed .elementor-drop-cap{color:#818a91;border:3px solid;background-color:transparent}.elementor-widget-text-editor:not(.elementor-drop-cap-view-default) .elementor-drop-cap{margin-top:8px}.elementor-widget-text-editor:not(.elementor-drop-cap-view-default) .elementor-drop-cap-letter{width:1em;height:1em}.elementor-widget-text-editor .elementor-drop-cap{float:left;text-align:center;line-height:1;font-size:50px}.elementor-widget-text-editor .elementor-drop-cap-letter{display:inline-block}<\/style>\t\t\t\t<p>Padel Wood ofrece cursos enfocados a mejorar el rendimiento durante el p\u00e1del, con una gran atenci\u00f3n a los movimientos, posicionamiento y procedimiento de cada golpe hasta el impacto con el bal\u00f3n. Aqu\u00ed puedes elegir entre cursos en l\u00ednea para mejorar tus trazos b\u00e1sicos o para aprender y mejorar trazos especiales.\u00a0<\/p>\t\t\t\t\t\t<\/div>\n\t\t\t\t<\/div>\n\t\t\t\t<div class=\"elementor-element elementor-element-fb3d987 elementor-widget elementor-widget-tp-dynamic-listing\" data-id=\"fb3d987\" data-element_type=\"widget\" data-widget_type=\"tp-dynamic-listing.default\">\n\t\t\t\t<div class=\"elementor-widget-container\">\n\t\t\t<div id=\"pt-plus-dynamic-listing\" class=\"dynamic-listing post69d61ca308e47  list-isotope  dynamic-listing-style-2 hover-image-none layout-style-1  \"  data-layout-type=\"masonry\"   data-id=\"post69d61ca308e47\" data-style=\"style-2\"  data-enable-isotope=\"1\"><div id=\"post69d61ca308e47\" class=\"tp-row post-inner-loop post69d61ca308e47 text-center   tp_list\"  \"><div class=\"grid-item metro-item  tp-col-lg-6 tp-col-md-6 tp-col-sm-6 tp-col-6  \"><article id=\"post-230\" class=\"post-230 sfwd-courses type-sfwd-courses status-publish hentry\">\n\t<div class=\"blog-list-content\">\n\t\t\t\t\t\t<div class=\"post-content-image\">\n\t\t\t<a href=\"https:\/\/padelwood.it\/esp\/courses\/progressione-didattica-padel-wood-base\/\">\n\t\t\t\t\t<div class=\"blog-featured-image \">\n\t<span class=\"thumb-wrap\">\n\t\t<img decoding=\"async\" src=\"https:\/\/padelwood.it\/esp\/wp-content\/plugins\/theplus_elementor_addon\/assets\/images\/placeholder-grid.jpg\" alt=\"Progresi\u00f3n did\u00e1ctica P\u00e1del  (trazos b\u00e1sicos)\">\t<\/span>\n\t<\/div>\t\t\t<\/a>\n\t\t\t\t\t<\/div>\n\t\t\t\t\t\t<div class=\"post-content-bottom\">\n\t\t\t\t\t\t\t<div class=\"post-metro-category-top\">\n\t\t\t\t\t<div class=\"post-category-list style-1\">\t\r\n\t<\/div>\r\n\r\n\t\t\t\t<\/div>\n\t\t\t\t\t\t<div class=\"post-metro-content\">\n\t\t\t\t<h3 class=\"post-title\">\r\n\t<a href=\"https:\/\/padelwood.it\/esp\/courses\/progressione-didattica-padel-wood-base\/\" class=\"normal\">Progresi\u00f3n did\u00e1ctica P\u00e1del  (trazos b\u00e1sicos)<\/a>\r\n<\/h3>\t\t\t\t\t\t\t\t\t<div class=\"post-hover-content\">\n\t\t\t\t\t\t<div class=\"entry-content\">\r\n\t<p>Al aprender sobre &#8220;TRAZOS B\u00c1SICOS&#8221; con P\u00c1DEL WOOD, podr\u00e1s ense\u00f1ar a tus estudiantes, o aprender los pasos del aprendizaje de los trazos en orden de importancia.Con las tomas b\u00e1sicas, adem\u00e1s, ya puedes jugar, jugar y divertirte para tus alumnos o para todos los fans.<\/p>\r\n<\/div>\t\t\t\t\t<\/div>\n\t\t\t\t\t\t\t\t\t\t\t<\/div>\n\t\t<\/div>\n\t\t\t<\/div>\n<\/article>\n<\/div><div class=\"grid-item metro-item  tp-col-lg-6 tp-col-md-6 tp-col-sm-6 tp-col-6  \"><article id=\"post-343\" class=\"post-343 sfwd-courses type-sfwd-courses status-publish hentry\">\n\t<div class=\"blog-list-content\">\n\t\t\t\t\t\t<div class=\"post-content-image\">\n\t\t\t<a href=\"https:\/\/padelwood.it\/esp\/courses\/progressione-didattica-padel-colpi-speciali\/\">\n\t\t\t\t\t<div class=\"blog-featured-image \">\n\t<span class=\"thumb-wrap\">\n\t\t<img decoding=\"async\" src=\"https:\/\/padelwood.it\/esp\/wp-content\/plugins\/theplus_elementor_addon\/assets\/images\/placeholder-grid.jpg\" alt=\"Progresi\u00f3n did\u00e1ctica del p\u00e1del (trazos especiales)\">\t<\/span>\n\t<\/div>\t\t\t<\/a>\n\t\t\t\t\t<\/div>\n\t\t\t\t\t\t<div class=\"post-content-bottom\">\n\t\t\t\t\t\t\t<div class=\"post-metro-category-top\">\n\t\t\t\t\t<div class=\"post-category-list style-1\">\t\r\n\t<\/div>\r\n\r\n\t\t\t\t<\/div>\n\t\t\t\t\t\t<div class=\"post-metro-content\">\n\t\t\t\t<h3 class=\"post-title\">\r\n\t<a href=\"https:\/\/padelwood.it\/esp\/courses\/progressione-didattica-padel-colpi-speciali\/\" class=\"normal\">Progresi\u00f3n did\u00e1ctica del p\u00e1del (trazos especiales)<\/a>\r\n<\/h3>\t\t\t\t\t\t\t\t\t<div class=\"post-hover-content\">\n\t\t\t\t\t\t<div class=\"entry-content\">\r\n\t<p>Para convertirte en un profesor completo y experimentado, y para ayudar a tus estudiantes a convertirse en jugadores experimentados, necesitar\u00e1s adquirir la mejor informaci\u00f3n sobre &#8220;GOLPES ESPECIALES&#8221; para expandir tu equipaje t\u00e9cnico y poder transferirlo mejor.Por esta raz\u00f3n, puede utilizar la progresi\u00f3n educativa en los TRAZOS ESPECIALES, y la ense\u00f1anza t\u00e9cnica de los disparos, no [&hellip;]<\/p>\r\n<\/div>\t\t\t\t\t<\/div>\n\t\t\t\t\t\t\t\t\t\t\t<\/div>\n\t\t<\/div>\n\t\t\t<\/div>\n<\/article>\n<\/div><\/div><\/div>\t\t<\/div>\n\t\t\t\t<\/div>\n\t\t\t\t<div class=\"elementor-element elementor-element-70f00e4 elementor-hidden-desktop elementor-hidden-tablet elementor-hidden-mobile elementor-widget elementor-widget-tp-product-listout\" data-id=\"70f00e4\" data-element_type=\"widget\" data-widget_type=\"tp-product-listout.default\">\n\t\t\t\t<div class=\"elementor-widget-container\">\n\t\t\t<div id=\"pt-plus-product-list\" class=\"product-list post69d61ca31d1df  list-isotope  product-style-3 \"  data-layout-type=\"fitRows\"   data-id=\"post69d61ca31d1df\" data-style=\"style-3\"  data-enable-isotope=\"1\"><div id=\"post69d61ca31d1df\" class=\"tp-row post-inner-loop post69d61ca31d1df text-left tp_list\"   ><div class=\"grid-item metro-item  tp-col-lg-4 tp-col-md-4 tp-col-sm-12 tp-col-12  \"><article id=\"post-547\" class=\"post-547 product type-product status-publish hentry product_cat-corsi\">\r\n\t<div class=\"product-list-content\">\r\n\t\r\n\t\t\t\t\t<div class=\"product-content-image\">\r\n\t\t\t\t\t\t\t\t\t\t<div class=\"product-image\">\r\n\t\t\t\t\t\t\t\t<a href=\"https:\/\/padelwood.it\/esp\/prodotto\/corsi-padel-colpi-di-base-colpi-speciali\/\" class=\"product-image\" title=\"\"><img decoding=\"async\" src=\"https:\/\/padelwood.it\/esp\/wp-content\/plugins\/theplus_elementor_addon\/assets\/images\/placeholder-grid.jpg\" alt=\"Padel progression courses: Basic Strokes + Special Strokes\"\/><\/a>\r\n\t\t\t\t\t\t\t<\/div>\r\n\t\t\t\t\t\t\t\t\t\t\t\r\n\t\t\t\t\t\t\t\t\t<div class=\"wrapper-cart-hover-hidden add-cart-btn\">\r\n\t\t\t\t\t\t\t\t\t\t\t\t\t<div class=\"product-add-to-cart\" ><a rel=\"nofollow\" href=\"https:\/\/padelwood.it\/esp\/prodotto\/corsi-padel-colpi-di-base-colpi-speciali\/\" data-quantity=\"1\" data-product_id=\"547\" data-product_sku=\"\" class=\"add_to_cart add_to_cart_button product_type_simple \" data-added-text=\"\"><span class=\"text\"><span>Seleziona Opzioni<\/span><\/span><span class=\"icon\"><span class=\"sr-loader-icon\"><\/span><span class=\"check\"><\/span><\/span><\/a><\/div>\r\n\t\t\t\t\t\t\t\t\t\t\t<\/div>\r\n\t\t\t\t\t\t\t<\/div>\r\n\t\t\t\t\r\n\t\t<div class=\"post-content-bottom\">\r\n\t\t\t<span class=\"post-catagory\">Cursos<\/span>\t\t\t<h3 class=\"post-title\">\r\n\t<a href=\"https:\/\/padelwood.it\/esp\/prodotto\/corsi-padel-colpi-di-base-colpi-speciali\/\" title=\"Padel progression courses: Basic Strokes + Special Strokes\">Padel progression courses: Basic Strokes + Special Strokes\r\n\r\n<\/a>\r\n<\/h3>\t\t\t\r\n\t\t\t\t\t\t\t\t\r\n\t\t\t<div class=\"wrapper-cart-price\">\r\n\t\t<span class=\"price\"><span class=\"woocommerce-Price-amount amount\"><bdi>290,00&nbsp;<span class=\"woocommerce-Price-currencySymbol\">&euro;<\/span><\/bdi><\/span><\/span>\r\n<\/div>\t\t\t\t\t<\/div>\r\n\t\t\r\n\t\t\t<\/div>\r\n<\/article><\/div><div class=\"grid-item metro-item  tp-col-lg-4 tp-col-md-4 tp-col-sm-12 tp-col-12  \"><article id=\"post-548\" class=\"post-548 product type-product status-publish hentry product_cat-corsi\">\r\n\t<div class=\"product-list-content\">\r\n\t\r\n\t\t\t\t\t<div class=\"product-content-image\">\r\n\t\t\t\t\t\t\t\t\t\t<div class=\"product-image\">\r\n\t\t\t\t\t\t\t\t<a href=\"https:\/\/padelwood.it\/esp\/prodotto\/corsi-progressione-padel-colpi-di-base-kit-racchette\/\" class=\"product-image\" title=\"\"><img decoding=\"async\" src=\"https:\/\/padelwood.it\/esp\/wp-content\/plugins\/theplus_elementor_addon\/assets\/images\/placeholder-grid.jpg\" alt=\"Padel progression courses: Basic Strokes +Rackets Kit\"\/><\/a>\r\n\t\t\t\t\t\t\t<\/div>\r\n\t\t\t\t\t\t\t\t\t\t\t\r\n\t\t\t\t\t\t\t\t\t<div class=\"wrapper-cart-hover-hidden add-cart-btn\">\r\n\t\t\t\t\t\t\t\t\t\t\t\t\t<div class=\"product-add-to-cart\" ><a rel=\"nofollow\" href=\"https:\/\/padelwood.it\/esp\/prodotto\/corsi-progressione-padel-colpi-di-base-kit-racchette\/\" data-quantity=\"1\" data-product_id=\"548\" data-product_sku=\"\" class=\"add_to_cart add_to_cart_button product_type_simple \" data-added-text=\"\"><span class=\"text\"><span>Seleziona Opzioni<\/span><\/span><span class=\"icon\"><span class=\"sr-loader-icon\"><\/span><span class=\"check\"><\/span><\/span><\/a><\/div>\r\n\t\t\t\t\t\t\t\t\t\t\t<\/div>\r\n\t\t\t\t\t\t\t<\/div>\r\n\t\t\t\t\r\n\t\t<div class=\"post-content-bottom\">\r\n\t\t\t<span class=\"post-catagory\">Cursos<\/span>\t\t\t<h3 class=\"post-title\">\r\n\t<a href=\"https:\/\/padelwood.it\/esp\/prodotto\/corsi-progressione-padel-colpi-di-base-kit-racchette\/\" title=\"Padel progression courses: Basic Strokes +Rackets Kit\">Padel progression courses: Basic Strokes +Rackets Kit\r\n\r\n<\/a>\r\n<\/h3>\t\t\t\r\n\t\t\t\t\t\t\t\t\r\n\t\t\t<div class=\"wrapper-cart-price\">\r\n\t\t<span class=\"price\"><span class=\"woocommerce-Price-amount amount\"><bdi>323,00&nbsp;<span class=\"woocommerce-Price-currencySymbol\">&euro;<\/span><\/bdi><\/span><\/span>\r\n<\/div>\t\t\t\t\t<\/div>\r\n\t\t\r\n\t\t\t<\/div>\r\n<\/article><\/div><div class=\"grid-item metro-item  tp-col-lg-4 tp-col-md-4 tp-col-sm-12 tp-col-12  \"><article id=\"post-549\" class=\"post-549 product type-product status-publish hentry product_cat-corsi\">\r\n\t<div class=\"product-list-content\">\r\n\t\r\n\t\t\t\t\t<div class=\"product-content-image\">\r\n\t\t\t\t\t\t\t\t\t\t<div class=\"product-image\">\r\n\t\t\t\t\t\t\t\t<a href=\"https:\/\/padelwood.it\/esp\/prodotto\/corsi-progressione-padel-colpi-di-base-kit-racchette-copia\/\" class=\"product-image\" title=\"\"><img decoding=\"async\" src=\"https:\/\/padelwood.it\/esp\/wp-content\/plugins\/theplus_elementor_addon\/assets\/images\/placeholder-grid.jpg\" alt=\"Padel progression courses: Special Strokes + Rackets KIT\"\/><\/a>\r\n\t\t\t\t\t\t\t<\/div>\r\n\t\t\t\t\t\t\t\t\t\t\t\r\n\t\t\t\t\t\t\t\t\t<div class=\"wrapper-cart-hover-hidden add-cart-btn\">\r\n\t\t\t\t\t\t\t\t\t\t\t\t\t<div class=\"product-add-to-cart\" ><a rel=\"nofollow\" href=\"https:\/\/padelwood.it\/esp\/prodotto\/corsi-progressione-padel-colpi-di-base-kit-racchette-copia\/\" data-quantity=\"1\" data-product_id=\"549\" data-product_sku=\"\" class=\"add_to_cart add_to_cart_button product_type_simple \" data-added-text=\"\"><span class=\"text\"><span>Seleziona Opzioni<\/span><\/span><span class=\"icon\"><span class=\"sr-loader-icon\"><\/span><span class=\"check\"><\/span><\/span><\/a><\/div>\r\n\t\t\t\t\t\t\t\t\t\t\t<\/div>\r\n\t\t\t\t\t\t\t<\/div>\r\n\t\t\t\t\r\n\t\t<div class=\"post-content-bottom\">\r\n\t\t\t<span class=\"post-catagory\">Cursos<\/span>\t\t\t<h3 class=\"post-title\">\r\n\t<a href=\"https:\/\/padelwood.it\/esp\/prodotto\/corsi-progressione-padel-colpi-di-base-kit-racchette-copia\/\" title=\"Padel progression courses: Special Strokes + Rackets KIT\">Padel progression courses: Special Strokes + Rackets KIT\r\n\r\n<\/a>\r\n<\/h3>\t\t\t\r\n\t\t\t\t\t\t\t\t\r\n\t\t\t<div class=\"wrapper-cart-price\">\r\n\t\t<span class=\"price\"><span class=\"woocommerce-Price-amount amount\"><bdi>313,00&nbsp;<span class=\"woocommerce-Price-currencySymbol\">&euro;<\/span><\/bdi><\/span><\/span>\r\n<\/div>\t\t\t\t\t<\/div>\r\n\t\t\r\n\t\t\t<\/div>\r\n<\/article><\/div><\/div><\/div>\t\t<\/div>\n\t\t\t\t<\/div>\n\t\t\t\t\t<\/div>\n\t\t<\/div>\n\t\t\t\t\t\t\t<\/div>\n\t\t<\/section>\n\t\t\t\t\t<\/div>\n\t\t<\/div>\n\t\t\t\t\t\t\t<\/div>\n\t\t<\/section>\n\t\t\t\t\t\t<\/div>\n\t\t\t\t\t<\/div>\n\t\t","protected":false},"excerpt":{"rendered":"<p>Cursos PADEL WOOD\u00ae Padel Wood ofrece cursos enfocados a mejorar el rendimiento durante el p\u00e1del, con una gran atenci\u00f3n a los movimientos, posicionamiento y procedimiento de cada golpe hasta el impacto con el bal\u00f3n. Aqu\u00ed puedes elegir entre cursos en l\u00ednea para mejorar tus trazos b\u00e1sicos o para aprender y mejorar trazos especiales.\u00a0 Progresi\u00f3n did\u00e1ctica [&hellip;]<\/p>\n","protected":false},"author":1,"featured_media":0,"parent":0,"menu_order":0,"comment_status":"closed","ping_status":"closed","template":"elementor_header_footer","meta":{"footnotes":""},"class_list":["post-629","page","type-page","status-publish","hentry"],"_links":{"self":[{"href":"https:\/\/padelwood.it\/esp\/wp-json\/wp\/v2\/pages\/629","targetHints":{"allow":["GET"]}}],"collection":[{"href":"https:\/\/padelwood.it\/esp\/wp-json\/wp\/v2\/pages"}],"about":[{"href":"https:\/\/padelwood.it\/esp\/wp-json\/wp\/v2\/types\/page"}],"author":[{"embeddable":true,"href":"https:\/\/padelwood.it\/esp\/wp-json\/wp\/v2\/users\/1"}],"replies":[{"embeddable":true,"href":"https:\/\/padelwood.it\/esp\/wp-json\/wp\/v2\/comments?post=629"}],"version-history":[{"count":65,"href":"https:\/\/padelwood.it\/esp\/wp-json\/wp\/v2\/pages\/629\/revisions"}],"predecessor-version":[{"id":1353,"href":"https:\/\/padelwood.it\/esp\/wp-json\/wp\/v2\/pages\/629\/revisions\/1353"}],"wp:attachment":[{"href":"https:\/\/padelwood.it\/esp\/wp-json\/wp\/v2\/media?parent=629"}],"curies":[{"name":"wp","href":"https:\/\/api.w.org\/{rel}","templated":true}]}}