{"id":524,"date":"2022-12-21T12:15:01","date_gmt":"2022-12-21T12:15:01","guid":{"rendered":"https:\/\/padelwood.it\/?post_type=product&#038;p=524"},"modified":"2023-04-24T15:54:34","modified_gmt":"2023-04-24T15:54:34","slug":"colpi-di-base","status":"publish","type":"product","link":"https:\/\/padelwood.it\/esp\/prodotto\/colpi-di-base\/","title":{"rendered":"Progresi\u00f3n did\u00e1ctica del p\u00e1del (trazos b\u00e0sicos)"},"content":{"rendered":"<p>Al aprender sobre \u201cTRAZOS B\u00c1SICOS\u201d con P\u00c1DEL WOOD, podr\u00e1s ense\u00f1ar a tus estudiantes, o aprender los pasos del aprendizaje de los trazos en orden de importancia.<br \/>\nCon las tomas b\u00e1sicas, adem\u00e1s, ya puedes jugar, jugar y divertirte para tus alumnos o para todos los fans.<\/p>\n","protected":false},"excerpt":{"rendered":"<p>Al aprender sobre \u201cTRAZOS B\u00c1SICOS\u201d con P\u00c1DEL WOOD, podr\u00e1s ense\u00f1ar a tus estudiantes, o aprender los pasos del aprendizaje de los trazos en orden de importancia. Con las tomas b\u00e1sicas, adem\u00e1s, ya puedes jugar, jugar y divertirte para tus alumnos o para todos los fans.<\/p>\n","protected":false},"featured_media":0,"template":"","meta":[],"product_cat":[22],"product_tag":[],"class_list":["post-524","product","type-product","status-publish","hentry","product_cat-corsi"],"_links":{"self":[{"href":"https:\/\/padelwood.it\/esp\/wp-json\/wp\/v2\/product\/524","targetHints":{"allow":["GET"]}}],"collection":[{"href":"https:\/\/padelwood.it\/esp\/wp-json\/wp\/v2\/product"}],"about":[{"href":"https:\/\/padelwood.it\/esp\/wp-json\/wp\/v2\/types\/product"}],"wp:attachment":[{"href":"https:\/\/padelwood.it\/esp\/wp-json\/wp\/v2\/media?parent=524"}],"wp:term":[{"taxonomy":"product_cat","embeddable":true,"href":"https:\/\/padelwood.it\/esp\/wp-json\/wp\/v2\/product_cat?post=524"},{"taxonomy":"product_tag","embeddable":true,"href":"https:\/\/padelwood.it\/esp\/wp-json\/wp\/v2\/product_tag?post=524"}],"curies":[{"name":"wp","href":"https:\/\/api.w.org\/{rel}","templated":true}]}}